-4*c = -d - 54. What is the remainder when (2 - 1)*(39 + 2/(-1)) is divided by c?
11
Suppose -25 = -0*u + 5*u, 0 = z - 5*u - 39. Calculate the remainder when z is divided by 5.
4
Calculate the remainder when (-2)/(-5) + 2632/70 is divided by 14.
10
Suppose 2*a = -0*a - 354. Calculate the remainder when 59 is divided by 1/4 + a/(-12).
14
Let g = 23 - 9. What is the remainder when 4/10 - 1072/(-20) is divided by g?
12
Let q be 6/(-10) + 8/(-20). Let x(a) = 16*a**2 + a. What is the remainder when x(q) is divided by 8?
7
Let u be -4*34/(-4) + -2. Let v be 2/(-1*3/(-6)). Suppose 0 = -0*b - v*b + u. Calculate the remainder when 15 is divided by b.
7
Suppose -u - 2 = -1, 5*t = -4*u + 116. What is the remainder when t is divided by 13?
11
Suppose 4*p = q, 3*q = -2*p + 7*p. Suppose -g = -q*g - 42. Suppose -2*w - g + 148 = 0. Calculate the remainder when w is divided by 18.
17
Suppose 0*q + 3*q - 75 = 0. Suppose u + 0*u = 0. Suppose u*v + 4*v - 52 = 0. What is the remainder when q is divided by v?
12
Suppose 0*t + 4 = t. Let y = t + 9. Suppose -107 + 11 = -4*n. What is the remainder when n is divided by y?
11
Suppose -u + 9 = -3. Calculate the remainder when 20 is divided by u.
8
What is the remainder when 6 is divided by (32/20)/(-4)*(-5)/1?
0
Let o = 11 - -4. Let k(d) = d**3 - 4*d**2 + 2*d - 7. Let l(z) = -z + 13. Let i be l(8). What is the remainder when k(i) is divided by o?
13
Suppose 0 = 2*h + b - 30, 3*h - 24 = -2*b + 21. What is the remainder when 86 is divided by h?
11
Let t = -56 - -103. Calculate the remainder when t is divided by 16.
15
Suppose 0 = d - 0*d - 27. What is the remainder when 51 is divided by d?
24
Let z(w) = -w - 9. Let m(u) = -u - 17. Let v(y) = 6*m(y) - 11*z(y). Calculate the remainder when v(6) is divided by 7.
6
Let v = 51 + -14. Calculate the remainder when v is divided by 20.
17
Suppose 2*u + u - 9 = 0. Suppose -u*g - 5*m - 20 = 0, -m = -0*m + 1. Let d = 20 + g. What is the remainder when d is divided by 8?
7
Suppose s + 7 = 3*q, s = 5*q + 1 - 16. What is the remainder when 5 is divided by q?
1
Suppose 2*p - 43 - 24 = -g, -111 = -3*p + 2*g. Suppose 2*f = p + 11. Let w(i) = -2*i. What is the remainder when f is divided by w(-4)?
7
Suppose -20 = -3*x - 5. Suppose 3*k - 8 = 4. Suppose -k*a - 6 = -7*a. What is the remainder when x is divided by a?
1
Suppose -3*l - w = l - 240, 4*l = 2*w + 252. Calculate the remainder when l is divided by 16.
13
Let l(k) be the second derivative of k**3 - 6*k**2 + k. Calculate the remainder when l(9) is divided by 11.
9
Let z = 6 - 6. Suppose 0 = 2*o - 4*d - 14, -2*o + z*o + 22 = -2*d. What is the remainder when o is divided by 9?
6
Suppose 3*g = 5*g + v - 97, 247 = 5*g + 4*v. What is the remainder when g is divided by 13?
8
Let n(a) = -80*a - 1. Calculate the remainder when n(-1) is divided by 41.
38
Let y(x) = -9*x - 2. Calculate the remainder when y(-4) is divided by 9.
7
Let b = -19 + 28. Let t = 2 + b. What is the remainder when 32 is divided by t?
10
Suppose 4*d - d - 21 = 0. Calculate the remainder when 11 is divided by d.
4
Let a = -6 - -9. Suppose a*i + 7 = 4*i. Calculate the remainder when i is divided by 4.
3
Let f = 40 - 13. What is the remainder when f is divided by (-27)/(-4) + (-25)/(-20) + -1?
6
Suppose -2*z = 3*y + 2 + 5, 3*z = -3*y - 6. Let s = y - -32. What is the remainder when 57 is divided by s?
28
Let m(u) be the second derivative of u**4/12 - 2*u**3/3 - 3*u**2 + 2*u. Let c be m(5). Calculate the remainder when 11 - -1*(-2)/c is divided by 5.
3
Let v = 5 - -23. Let w = -72 - -27. What is the remainder when v is divided by (1/1)/((-3)/w)?
13
Let h = -16 + 48. What is the remainder when 63 is divided by h?
31
Let g = 33 + -18. Suppose -2*p + 89 = 2*h - 3*p, 3*h - 135 = 3*p. What is the remainder when h is divided by g?
14
Let z = 11 - 4. Let w(l) = 2*l. What is the remainder when 41 is divided by w(z)?
13
Let c(v) = -10*v**3 - 1. Let r be c(1). Let d = r - -16. What is the remainder when 14 is divided by d?
4
Suppose 0*d + d = -5*n + 35, -77 = -4*d + n. What is the remainder when 39 is divided by d?
19
Suppose 4*k + 2 = 5*k. Suppose -3*i + 5 = 4*w - 2, -5*i = -5*w + 35. Calculate the remainder when w/(-18)*3*-6 is divided by k.
0
Let n(d) = -d**3 + 2*d**2 + 4*d - 2. Calculate the remainder when 3 is divided by n(3).
0
Let m(y) = -3*y + 1. What is the remainder when 62 is divided by m(-2)?
6
Suppose -7*p + 296 = p. What is the remainder when 183 is divided by p?
35
Let j = 285 + -230. Let w(g) = g**3 - 2*g**2 - 6*g + 6. Calculate the remainder when j is divided by w(4).
13
Let a = -31 + 55. Suppose -84 = -2*h + 2*c - 4*c, 3*h - 2*c - 141 = 0. What is the remainder when h is divided by a?
21
Let b = 11 + -1. Calculate the remainder when 18 is divided by b.
8
Suppose 19 = z + 2*p - 0, -13 = -z - 4*p. What is the remainder when 43 is divided by z?
18
What is the remainder when ((-8)/(-2)*29)/1 is divided by 40?
36
Suppose y = -3*s + 48, -5*s + 191 + 15 = 4*y. What is the remainder when -3 - (-11)/(33/y) is divided by 4?
3
Let k = -23 - -37. Calculate the remainder when k is divided by (-1*2)/(39/(-12) + 3).
6
Let i = -30 + 53. What is the remainder when i is divided by 13?
10
Suppose -4*m + m + 477 = -4*h, 3*m + h - 492 = 0. Calculate the remainder when m is divided by 55.
53
Suppose -7*u + 135 = -166. Calculate the remainder when u is divided by 15.
13
Suppose -2*a - 244 = 36. Calculate the remainder when 28 is divided by (a/(-42))/(1/3).
8
Suppose -16 - 50 = -3*o. Let b(r) = r - 8. Let h(v) = -2*v + 9. Let g(f) = 5*b(f) + 4*h(f). What is the remainder when o is divided by g(-4)?
6
Let n be (9 + -1)/((-2)/(-30)). Suppose 13*d - 8*d - n = 0. Calculate the remainder when 94 is divided by d.
22
Let d be (5 - 4)*(0 - -3). Suppose -d*u = u - 20. Calculate the remainder when 22 is divided by u.
2
Let i(o) = -o**3 - 5*o**2 - 3*o + 3. Let y be i(-4). Let v be 0 + y + 1 + -1. Calculate the remainder when 5 is divided by v/(-1) + (-4)/(-2).
2
Let k(p) = p**2 + 5*p - 3. Let o be k(-5). Let m = o + 4. What is the remainder when 26 is divided by (-3 + m)*(-18)/4?
8
Let r(n) = 2*n + 8. Let y be r(-7). Calculate the remainder when -1*1*36/y is divided by 2.
0
What is the remainder when -2*(-15)/10*5 is divided by 2?
1
Let d be (1 - 27)/((-3)/9). Suppose 5*o + d = 8*o. What is the remainder when o is divided by 9?
8
Let o = 2 - -16. What is the remainder when o is divided by 5?
3
Let g(n) = 10*n**2 - 4*n + 1. Let p be g(-3). Suppose 0 = -2*r + p - 15. Calculate the remainder when r is divided by 15.
14
Suppose 5*d - 38 = -2*g, -4*g + 0*d - 2*d + 44 = 0. Calculate the remainder when 34 is divided by g.
7
Let b(m) = -m**2 - 6*m - 3. Let y be b(-5). Let q(c) = -3*c**2 + 2*c + 1. Let k be q(y). Let w = k + 38. What is the remainder when w is divided by 16?
15
Let o = 10 - -4. Calculate the remainder when 68 is divided by o.
12
Let p = 7 - 6. Suppose w - p - 12 = 0. What is the remainder when 37 is divided by w?
11
Suppose -3*b - u - 48 = 0, -4*b = 4*u - 4 + 68. Let f = -112 - b. What is the remainder when (4/6)/((-8)/f) is divided by 5?
3
Calculate the remainder when (76 - (-1 - -1)) + (-26)/(-13) is divided by 20.
18
Let x(i) = i - 7. Let f be x(4). Suppose 4*l = -3*t + 63, -3*l = 2*t - 7 - 40. Calculate the remainder when 37 is divided by 1/f + 200/l.
11
Let c(x) = -3*x - 2. Let z be ((-2)/2 - -1) + 2. Let m(j) = -j**2 - j + 1. Let u be m(z). What is the remainder when c(u) is divided by 7?
6
Let g = -32 - -30. Calculate the remainder when 44 is divided by -2*9*g/4.
8
Let d = -9 - -7. Let x = 5 - d. What is the remainder when 20 is divided by x?
6
Let h = 2 + 11. What is the remainder when h is divided by 5/(-6)*2*-3?
3
Let f be 28/8 - 2/(-4). Suppose -i = f*i - 45. What is the remainder when i is divided by 3?
0
Let x(r) = -19*r - 3. Let v be x(-3). Let l be v/10 - 4/10. Suppose -l*n = -0*n - 105. Calculate the remainder when n is divided by 11.
10
Let g(h) = -h + 12. Let x be g(-12). Suppose 4*y + x = d - 15, 3*y + 40 = d. What is the remainder when d is divided by 15?
13
Let l(m) = -3*m**2 - 4*m - 2. Let r be l(-2). What is the remainder when 1*3*(r + 36) is divided by 23?
21
Let h(z) = z**3 - 2*z**2 - z - 2. Suppose -j = -5, -3*j + 2*j - 37 = -3*b. What is the remainder when b is divi